-11).
-75
Let b(v) = -10*v**3 + 24*v**2 - 123*v + 583. Calculate b(5).
-682
Let t(x) = 1312*x - 48539. Give t(37).
5
Let u(b) = b**2 + 9*b - 16179. Give u(-134).
571
Let j(y) = 8*y**3 + 11*y**2 - 115*y + 146. Determine j(-7).
-1254
Let b(j) = -j**2 + 1232*j + 124701. What is b(-94)?
57
Let j(x) = 6563*x - 5913234. Give j(901).
29
Let g(d) = -4*d**3 - 385*d**2 - 42*d + 58. Give g(0).
58
Let f(w) = 5734*w + 57384. Determine f(-10).
44
Let t(f) = 51173*f + 204838. Give t(-4).
146
Let y(r) = 629*r - 46063. Calculate y(73).
-146
Let d(n) = n**3 + 116*n**2 - 1805*n - 191. Calculate d(14).
19
Let g(f) = 37*f**2 - 1983*f + 646. Calculate g(54).
1456
Let t(z) = 4902*z - 34149. Calculate t(7).
165
Let d(u) = -324*u**2 + 722*u + 3. Calculate d(2).
151
Let u(l) = -36*l**2 - 4423*l + 89. Determine u(-123).
-526
Let h(n) = 5*n**3 - 895*n**2 + 36276*n - 367. Calculate h(62).
5
Let a(k) = -k**2 - 200*k + 3694. What is a(17)?
5
Let p(k) = -k**3 - 6*k**2 + 403*k - 241. Calculate p(17).
-37
Let k(d) = d**3 + 127*d**2 + 3166*d + 361. Determine k(-93).
-11
Let t(b) = -2*b**3 - 238*b**2 - 708*b - 55696. What is t(-118)?
0
Let y(v) = -7*v**3 + 119*v**2 - 264*v - 453. Calculate y(14).
-33
Let b(u) = -6*u**3 - 299*u**2 - 1174*u + 7. Determine b(-4).
303
Let m(p) = -1129*p + 33947. Calculate m(30).
77
Let f(m) = -40*m**2 - 7052*m + 36263. Give f(5).
3
Let s(u) = 134829*u + 3235903. Calculate s(-24).
7
Let x(t) = t**3 - 296*t**2 + 605*t - 6237. Determine x(294).
-1239
Let h(o) = 5089*o - 111134. What is h(22)?
824
Let g(x) = -231893*x + 2550824. What is g(11)?
1
Let u(z) = -2628*z + 95579. Give u(37).
-1657
Let z(u) = -u**2 + 109*u - 707. Determine z(103).
-89
Let p(w) = -w**3 - 31*w**2 + 149*w - 28. Calculate p(4).
8
Let g(x) = x**3 + 63*x**2 - 68*x - 90. Calculate g(-64).
166
Let q(x) = -x**3 + 10*x**2 + 1921*x - 27678. Calculate q(15).
12
Let u(g) = 24349*g - 37083511. Determine u(1523).
16
Let r(l) = l**3 + 61*l**2 + 683*l - 21380. Determine r(13).
5
Let c(a) = -70*a - 1839. Determine c(-28).
121
Let r(a) = -3*a**3 - 64*a**2 - 15*a - 61. What is r(-22)?
1237
Let u(b) = 1122*b - 2473. Determine u(2).
-229
Let c(n) = -111603*n - 62497684. Give c(-560).
-4
Let h(u) = -2*u**3 + 67*u**2 + 322*u - 2345. What is h(37)?
-14
Let d(c) = -1083*c + 12517. Determine d(12).
-479
Let i(g) = 5*g**2 + 4700*g + 427383. Determine i(-102).
3
Let z(r) = 5*r**2 + 267*r - 17727. Calculate z(-92).
29
Let g(a) = -a**2 - 1279*a - 109198. Determine g(-92).
6
Let y(j) = -12*j**2 - 645*j + 56779. Calculate y(47).
-44
Let g(q) = -1863*q + 4954. What is g(3)?
-635
Let a(q) = 3880*q - 46589. Calculate a(12).
-29
Let a(x) = 122*x**2 + 2193*x + 69. What is a(-17)?
-1954
Let k(g) = -g**3 + 576*g**2 - 1143*g - 3043. Calculate k(574).
-173
Let n(u) = -115*u**2 + 2615*u - 1887. Calculate n(22).
-17
Let q(b) = b**2 - 1769*b + 29766. Calculate q(17).
-18
Let n(x) = 2*x**2 - 6427*x + 64069. Determine n(10).
-1
Let w(d) = -d**3 - 27*d**2 - 246*d - 110. Give w(-15).
880
Let o(z) = 443*z + 4195. What is o(-7)?
1094
Let d(p) = p**3 + 191*p**2 + 581*p - 8. What is d(-3)?
-59
Let n(t) = 2*t**3 - 91*t**2 - 218*t - 779. Give n(48).
277
Let f(d) = 5*d**2 - 282*d + 3026. What is f(42)?
2
Let w(t) = 6486*t**2 - 58379*t + 20. What is w(9)?
-25
Let u(n) = -n**2 - 46*n + 261. Determine u(7).
-110
Let v(q) = 1264*q + 34184. What is v(-27)?
56
Let q(b) = 4*b**2 - 497*b + 6858. Determine q(16).
-70
Let r(l) = l**3 + 99*l**2 - 368*l - 93107. Calculate r(-92).
-3
Let w(q) = -503128*q - 1006255. Calculate w(-2).
1
Let w(o) = -4*o**2 + 227*o + 412. Determine w(64).
-1444
Let a(k) = k**3 + 43*k**2 - 1465*k + 3499. Calculate a(-66).
1
Let j(z) = z**3 - 23*z**2 - 21*z + 127. Determine j(2).
1
Let o(l) = 10*l**2 - 2245*l - 13455. Determine o(-6).
375
Let y(i) = 108*i**2 + 903*i - 1809. Calculate y(2).
429
Let g(l) = 3915*l - 7822. What is g(2)?
8
Let v(t) = -14*t**3 + 878*t**2 + 252*t + 254. Calculate v(63).
254
Let f(c) = -18*c**3 + 74*c**2 - 145*c - 13. What is f(2)?
-151
Let a(j) = -j**3 - 23*j**2 + 368*j - 11. Calculate a(12).
-635
Let x(r) = -2758*r - 3014491. What is x(-1093)?
3
Let z(r) = -1208*r + 482000. Calculate z(399).
8
Let y(j) = 10*j**3 - 11319*j**2 - 23811*j - 3408. Calculate y(1134).
-6
Let y(g) = 2359*g + 311384. Give y(-132).
-4
Let z(s) = -113*s + 5554. What is z(49)?
17
Let d(x) = 11163*x + 4811249. What is d(-431)?
-4
Let n(o) = 2*o**3 - 31*o**2 + 115*o - 383. Calculate n(16).
1713
Let f(n) = 55*n**2 + 814*n - 180. Calculate f(-15).
-15
Let n(t) = -2*t**3 + 22*t**2 - 413*t + 4612. Calculate n(11).
69
Let k(o) = -327056*o + 3270564. Calculate k(10).
4
Let k(g) = -g**3 + 52*g + 70. What is k(9)?
-191
Let f(r) = -1024*r + 31796. Determine f(31).
52
Let g(b) = 12*b**2 + 83*b - 378. What is g(-10)?
-8
Let u(n) = 10*n**2 - 1075*n - 7416. Determine u(114).
-6
Let x(y) = 1780*y - 265604. What is x(149)?
-384
Let c(k) = -360*k + 12497. Calculate c(34).
257
Let p(n) = 2*n**2 + 465*n - 9065. Give p(18).
-47
Let s(o) = -95*o**2 + 1256*o + 16. What is s(11)?
2337
Let r(a) = 6*a**2 + 86*a + 3872. Determine r(-27).
5924
Let x(a) = 277128*a - 3602661. Give x(13).
3
Let r(x) = 13*x**3 + 1538*x**2 - 1075*x - 470. Calculate r(-119).
6
Let p(b) = 27085*b + 1001953. Give p(-37).
-192
Let y(v) = 2*v**3 + 55*v**2 + 332*v + 58. What is y(-19)?
-113
Let z(y) = -y**3 - 24*y**2 - 11624*y - 103402. Calculate z(-9).
-1
Let n(h) = h**3 - 141*h**2 + 12*h - 1658. What is n(141)?
34
Let l(o) = 913*o + 1658. Determine l(-2).
-168
Let y(i) = 839*i + 26146. Determine y(-31).
137
Let y(p) = -618*p + 3324. What is y(7)?
-1002
Let s(a) = -209797*a + 1888015. What is s(9)?
-158
Let k(o) = -2*o**2 - 602*o - 9624. What is k(-17)?
32
Let v(c) = 2*c**3 - 13*c**2 - 146*c - 45. What is v(13)?
254
Let z(c) = 2*c**3 + 402*c**2 - 2481*c + 615. What is z(-207)?
-6
Let l(c) = -424*c + 112157. Calculate l(265).
-203
Let u(d) = -d**3 + 25*d**2 - 135*d - 135. Determine u(21).
-1206
Let p(g) = 42*g + 3662. Determine p(-111).
-1000
Let p(i) = 67*i**3 - 6*i**2 + 127*i - 242. Give p(2).
524
Let v(l) = -3769974*l - 26389817. What is v(-7)?
1
Let w(v) = -v**3 - 342*v**2 - 5. Calculate w(-342).
-5
Let c(i) = i**2 + 6*i + 232. Calculate c(11).
419
Let y(n) = -n**3 + 92*n**2 + 588*n - 270. What is y(98)?
-270
Let l(o) = 16840*o + 2239737. Give l(-133).
17
Let b(d) = -3*d**2 - 5918*d + 53478. What is b(9)?
-27
Let l(y) = -674*y - 120317. Give l(-179).
329
Let u(c) = 8104*c + 8055. Calculate u(-1).
-49
Let c(d) = d**2 - 19*d - 1124. Determine c(-29).
268
Let p(s) = -s**3 - 20*s**2 + 12227*s + 123274. Calculate p(-10).
4
Let w(x) = -x**3 - 31*x**2 - 146*x - 77. Determine w(-22).
-1221
Let d(j) = j**2 - 97*j + 720. What is d(8)?
8
Let r(a) = a**3 - 169*a**2 - 1226*a + 2. Calculate r(-7).
-40
Let x(f) = 85*f**3 - 3*f**2 + 6*f + 5. Determine x(-2).
-699
Let q(o) = 59226*o + 1362177. Calculate q(-23).
-21
Let b(s) = -s**2 + 277*s - 18529. Determine b(160).
191
Let z(u) = -674565*u - 8769350. Give z(-13).
-5
Let b(m) = -34*m**2 - 20609*m - 3552. Give b(-606).
-522
Let w(r) = 2*r**2 + 3548*r - 86313. What is w(24)?
-9
Let h(m) = -2*m**3 + 212*m**2 - 2245*m - 115. What is h(12)?
17
Let c(j) = 52418*j - 523972. Give c(10).
208
Let i(s) = -s**3 + 26*s**2 + 306*s - 7027. Give i(26).
929
Let p(x) = -2*x**3 - 93*x**2 - 305*x + 3073. Give p(-42).
7
Let y(j) = 6872*j - 1766111. Calculate y(257).
-7
Let p(k) = -7*k**3 - 2*k**2 + 72*k - 391. Give p(5).
-956
Let d(h) = -50*h**3 + 396*h**2 + 21*h - 31. Calculate d(8).
-119
Let h(m) = -17*m - 921. Determine h(-67).
218
Let k(j) = 8*j**2 + 2317*j - 8. Give k(0).
-8
Let u(z) = 5*z**2 + 217*z + 756. Give u(-47).
1602
Let r(f) = -165*f - 6289. Calculate r(-36).
-349
Let b(d) = d**3 - 78*d**2 + 37*d + 3111. Give b(77).
31
Let s(k) = 16*k**2 + 2396*k - 513. Give s(-150).
87
Let y(k) = -6164*k + 110279. Calculate y(18).
-673
Let a(m) = m**3 - 225*m**2 + 1245*m - 228710. What is a(224)?
-6
Let v(x) = -15*x**2 + 483*x - 4104. Give v(9).
-972
Let l(m) = 236*m + 2138. Determine l(-13).
-930
Let t(n) = 2*n**2 - 176*n + 4019. What is t(55)?
389
Let b(q) = -354*q - 1869. Determine b(-6).
255
Let x(k) = 3331585*k - 9994735. Calculate x(3).
20
Let x(f) = 24*f - 2481. What is x(45)?
-1401
Let f(n) = -2*n**3 + 37*n**2 + 388*n + 55. Give f(26).
3
Let k(x) 